i. Suppose m = 2*p - 0*p. What are the prime factors of p?
2, 13
List the prime factors of 10/(-50) + (-2802)/(-10).
2, 5, 7
Suppose 2*c - 3*c = -5, 3*r - 5*c = 95. What are the prime factors of r?
2, 5
Let c(x) = 5*x - 1. Let k be (-9)/(-7) + (-2)/7. Let o be c(k). Let d = 18 - o. List the prime factors of d.
2, 7
Suppose -425 = -3*o + 4*z, -7 + 3 = 2*z. What are the prime factors of o?
139
Let h be ((-6)/(-1))/((-3)/(-4)). Let l = -5 + h. List the prime factors of l.
3
Suppose 3*f = 8*f - 1215. List the prime factors of f.
3
Let d(h) = -20*h - 14. Let i be d(-10). Suppose 11 - i = -5*r. What are the prime factors of r?
5, 7
Let y = 138 - 78. List the prime factors of y.
2, 3, 5
Let n = 1 + 5. Let k be 2/4 + (-39)/n. What are the prime factors of (-1 - k)/(1/2)?
2, 5
Let u(g) = g**2 - 7*g + 12. Let h be u(5). Let n(w) = 0*w**2 + w**2 + 2*w**2 - 2. What are the prime factors of n(h)?
2, 5
Let s = 7 - 5. Suppose 0 = k - 3*i + 10, 12 = s*k + 4*i - 2*i. What are the prime factors of k?
2
Let s(r) = 10*r - 39. What are the prime factors of s(13)?
7, 13
Let y(o) = -o**3 + 4*o**2 + 3. Let l be y(4). Suppose -l*i + 6*i - 12 = 0. Suppose 2*p + 20 = i*p. What are the prime factors of p?
2, 5
Let w(r) = -r**3 + 11*r**2 - 4*r. What are the prime factors of w(10)?
2, 3, 5
Let v(q) = -q**2 - q + 38. Suppose -3*p - 4*b = -16, -3*b + 18 = 2*p + 6. Let c be v(p). Let x = c + -26. List the prime factors of x.
2, 3
Let k(y) = y**3 - 7*y**2 - 8*y + 3. Let a be k(8). Suppose -5*u - 3 = 2, 0 = 4*j + 3*u + a. Suppose 3*o - 24 + 3 = j. List the prime factors of o.
7
Let i(q) = -q + 11. Let p be i(5). Suppose 3*k + 3 = -3*h + p, -k - 17 = -5*h. What are the prime factors of h?
3
Let z(d) = -d**3 - 4*d**2 - d + 3. List the prime factors of z(-4).
7
Suppose -9 = -5*j - 3*u, -4*j + 4*u = -2*j - 14. Suppose -a + 16 = j*b, 0 = 4*b - 5*a - 0*a - 34. What are the prime factors of b?
2, 3
Let f = 130 + -91. What are the prime factors of f?
3, 13
Let d(n) = -n**3 - 8*n**2 - 6*n - 18. List the prime factors of d(-8).
2, 3, 5
Let v be 21*(1 - 4/6). Suppose -5*l = -v - 18. Let g(b) = b**2 - 5*b + 6. What are the prime factors of g(l)?
2, 3
Let w(s) = 2*s**3 - 5*s**2 + 8*s - 4. Let u be w(6). What are the prime factors of 1/(-4) - u/(-32)?
3
Suppose -b + 888 = 2*b. What are the prime factors of b?
2, 37
Let z = 38 - -130. Suppose 4*h - z = -12. Suppose -d = 5*c - h, -17 = -2*c + 5*d - 4*d. What are the prime factors of c?
2
Let c(m) = 2*m - 6. What are the prime factors of c(12)?
2, 3
Let f(g) = -g**3 + 7*g**2 - 6*g + 2. Let y be f(7). What are the prime factors of y*1*6/(-15)?
2
Suppose -3*j - 129 = -6*j. Let r = -12 + j. List the prime factors of r.
31
Suppose 3*f - 9 = -0*f, -3*w - f + 15 = 0. Suppose -4*n = -5*n - d + 6, -3 = 3*n - w*d. Suppose 3*a - n = 3. What are the prime factors of a?
2
Let b(x) = -x**2 + 22*x + 5. List the prime factors of b(6).
101
Let r be (-2)/(2/(-4)*1). What are the prime factors of (1/(-3))/(r/(-84))?
7
Let p = 89 - 45. Let w = p - 29. List the prime factors of w.
3, 5
Suppose -b - 10 = -6. List the prime factors of (-8 - b) + 5 - -6.
7
Suppose 0 = 4*z + 4, -3*j + 5*z = 7 + 57. Let k = j + 35. List the prime factors of k.
2, 3
Let v(k) = -k - 8. Suppose -4*i - 12 = -i. Let n be v(i). What are the prime factors of ((-6)/n)/((-6)/(-80))?
2, 5
Let y(n) = -n**2 + 8*n - 9. Let h be y(6). What are the prime factors of h - (2 + -13 + 1)?
13
Suppose 0 = -q - 3*q + 268. List the prime factors of q.
67
Suppose 1 = -s - 0. Let b = 2 + s. What are the prime factors of b/(2/8) - 2?
2
Let r be (12/(-8))/(2/(-4)). Suppose -2*s + 11 = r. Suppose s = 5*f - 6. What are the prime factors of f?
2
Suppose -w = 2*w - 156. What are the prime factors of w?
2, 13
Suppose -110 = -4*s + 2*s. Suppose 0*a + 2*a + 5*f = -7, 5*a + s = -5*f. What are the prime factors of 29/2 - (-8)/a?
2, 7
Suppose -26 = -5*b - 1. List the prime factors of b.
5
Let n = 3 + 6. Let s = n - -14. What are the prime factors of s?
23
List the prime factors of 274/10 - 20/50.
3
Let m(b) = 13*b + 3. Let c be m(-6). What are the prime factors of c/(-4) + (-1)/(-4)?
19
Let a be -2 + 37 + (3 - 0). Suppose -a + 6 = -4*h. What are the prime factors of h?
2
What are the prime factors of 122 - (2 + 2 + -3)?
11
Let o(y) = 3 + 0 - 5 - 5*y + 2*y**2. What are the prime factors of o(4)?
2, 5
What are the prime factors of 3 - 5/((-50)/42)*5?
2, 3
Let u be (10/6)/((-2)/(-132)). Let w be ((-8)/10)/((-4)/u). Suppose 0 = f - 3*f + w. What are the prime factors of f?
11
Let z(y) = -y**2 + 23*y + 12 - 11 - 6*y. List the prime factors of z(16).
17
Suppose 7*j - 3*y - 112 = 2*j, -2*y = -5*j + 108. List the prime factors of j.
2, 5
Let d(s) = s**3 + 2*s + 107. List the prime factors of d(0).
107
Let x be (2/(-3))/((-1)/3). Let b(g) = 4 - 6 + 1 + 8*g. List the prime factors of b(x).
3, 5
Suppose 2*x = z - 33, 3*x + 3*z + 41 = -x. Let f = x + 21. What are the prime factors of f?
7
Let a(z) = -2*z**3 + 21*z**2 - 16*z - 3. What are the prime factors of a(8)?
3, 7
Let w(o) = o**3 - 8*o**2 - 7*o - 12. Let r be w(9). Suppose -r = -2*a - 0*a. Let f(t) = 2*t + 2. What are the prime factors of f(a)?
2
Let q(j) = 2*j**2 - 5*j + 3. Suppose 3*p = p + 8. Suppose 3*i - p*i + 4 = 0. What are the prime factors of q(i)?
3, 5
Let n(s) = s**2 - 7*s + 8. Let g be n(6). What are the prime factors of (-35)/(-2) + (-1)/g?
17
Let z be (2/4)/(1/2). List the prime factors of 3/(-1) + z*9.
2, 3
Let m(z) = -5*z**2 + 2*z - 4. Let t be m(-3). Let o = -11 - t. List the prime factors of o.
2, 11
Let h = -19 - -47. Suppose 4*a - 2*a - h = 0. Suppose m - a = -m. What are the prime factors of m?
7
Suppose -5*j - 361 = -1671. What are the prime factors of j?
2, 131
Let m be 6 - -4 - (1 + 1). Let k be (m/(-10))/(6/(-45)). Let y = -4 + k. What are the prime factors of y?
2
Suppose -2*g - 14 - 54 = 0. Let p be g/(-9) - 12/(-54). List the prime factors of 6/p - (-1)/2.
2
Suppose 0 = -3*t + 5*a + 313, -3*t - 5*a + 394 = t. List the prime factors of t.
101
Let l(q) = -q**3 - 8*q**2 - 9*q - 8. Suppose 4*v + 17 = -11. List the prime factors of l(v).
2, 3
Let m(p) = 37*p**2 + 5*p + 5. List the prime factors of m(3).
353
Let w = 79 + -54. List the prime factors of w.
5
Let a(w) = -w**3 - w**2 - 1. Let n(q) = 4*q + 11. Let v(u) = -3*u - 10. Let c(r) = -4*n(r) - 5*v(r). Let i be c(8). What are the prime factors of a(i)?
3
Let f = -23 + 38. List the prime factors of 351/f + (-8)/20.
23
Let m(u) be the first derivative of u**2/2 + 5*u + 3. List the prime factors of m(5).
2, 5
Let n = -11 - -14. List the prime factors of n.
3
Suppose 5*u = -12 - 23. Let v = u + 20. What are the prime factors of v?
13
Let i(r) = r**3 + 6*r**2 + 4*r + 3. Let q be i(-5). List the prime factors of q/6*9/6.
2
Let l = -1 + 6. Let y(m) = m**3 + 5*m**2 - m + 1. Let n be y(-5). Suppose 14 = l*f - n. List the prime factors of f.
2
Suppose 4*h = 822 - 314. What are the prime factors of h?
127
Let a(k) = -2*k + 10. Let x be a(-7). Suppose -2*l - 4 = -0. List the prime factors of 224/x + l/6.
3
Suppose v - 8 + 0 = -2*u, 20 = 4*u + 4*v. What are the prime factors of (4 - u) + 5 - -1?
7
Let s = 1537 + -2216. List the prime factors of s/(-14) + (-1)/2.
2, 3
Suppose -22 = -s + 4*g + 7, -5*s = 2*g - 35. Let j = s - 6. Let o = j - -1. What are the prime factors of o?
2
What are the prime factors of (19/3)/((66/(-288))/(-11))?
2, 19
Let z be (1*-6)/(-1 + -1). Suppose 4*t = z*t + 40. What are the prime factors of t?
2, 5
Suppose 5*n + 0*n - 215 = 0. List the prime factors of n.
43
List the prime factors of (-4)/14 + 1640/56.
29
Suppose -8*v = -4*v - 204. What are the prime factors of v?
3, 17
Suppose 2*g - 55 = 19. List the prime factors of g.
37
Suppose 3*v - 162 = -2*z, -z - 54 = -v + z. List the prime factors of v.
2, 3
List the prime factors of 5/((-80)/(-76))*4.
19
Suppose 4*t - 1413 = -285. Suppose 5*l = -l + t. What are the prime factors of l?
47
Let j = 6 + -6. Let t = j + 9. What are the prime factors of t?
3
Suppose -2*u + 9 = 2*q + 3, 5*q + 9 = 3*u. Suppose -u*a + 15 = 3. What are the prime factors of a?
2
Suppose 4*v + 0*v - 8 = 0. Suppose -v*d + 126 = d. Suppose 3*o = -5*t + d, -o + 0 = -3*t + 14. List the prime factors of t.
2, 3
List the prime factors of 0 - (-3 - -6)/(-1).
3
Suppose 0 = 10*t 